{"id":16,"date":"2022-01-07T08:13:33","date_gmt":"2022-01-07T07:13:33","guid":{"rendered":"https:\/\/montees-du-daubenschlag.fr\/?page_id=16"},"modified":"2022-01-07T08:13:33","modified_gmt":"2022-01-07T07:13:33","slug":"histoire-du-chateau-de-warthenberg-daubenschlagfelsen","status":"publish","type":"page","link":"https:\/\/montees-du-daubenschlag.fr\/?page_id=16","title":{"rendered":"HISTOIRE du Chateau de Warthenberg &#8211; Daubenschlagfelsen"},"content":{"rendered":"<p><span style=\"font-size:11px;\"><strong>Extrait de la revue de la Soci\u00e9t\u00e9 d&rsquo;Histoire et d&rsquo;Arch\u00e9ologie de Saverne et des Environs (SHASE) n\u00b0154bis -1991, auteurs Bernard Haegel et Ren\u00e9 Kill.<\/strong><\/span><\/p>\n<p>Parmi les ch\u00e2teaux dont l&rsquo;existence est connue par les textes d&rsquo;archives, mais qui n&rsquo;ont pu \u00eatre localis\u00e9s avec certitude figure Warthenberg, mentionn\u00e9 en 1158 dans un acte de l&rsquo;abbaye de Neuwiller.<\/p>\n<p>L&rsquo;analyse de cette charte et des indications topographiques qu&rsquo;elle contient montre que le ch\u00e2teau qui s&rsquo;\u00e9levait sur le Daubenschlagfelsen \u00e9tait tr\u00e8s vraisemblablement le Warthenberg.<\/p>\n<p>Son possesseur, Hugues de Dabo, devenu comte de Metz en 1152 ou 1154, appara\u00eet comme avou\u00e9 de l&rsquo;abbaye de Nauwiller en 1157. Il est donc probable que Warthnberg ait \u00e9t\u00e9 \u00e9rig\u00e9 \u00e0 cette \u00e9poque pour assurer le contr\u00f4le de l&rsquo;abbaye et de ses possessions.<\/p>\n<p>La localisation du Warthenberg sur le Daubenschlagfelsen est confort\u00e9e par l&rsquo;analyse architecturale et l&rsquo;\u00e9tude du mobilier recueilli qui ont permis d&rsquo;avancer comme datation le milieu du XIIe si\u00e8cle.<\/p>\n<p>La dur\u00e9e de vie du ch\u00e2teau a d\u00fb \u00eatre tr\u00e8s br\u00e8ve, impression confirm\u00e9e \u00e0 la fois par le fait qu&rsquo;il n&rsquo;a pas fait l&rsquo;objet de mentions plus r\u00e9centes et sur le plan arch\u00e9ologique par l&rsquo;examen de la stratigraphie qui r\u00e9v\u00e8le une dur\u00e9e d&rsquo;occupation tr\u00e8s courte.<\/p>\n<p>&nbsp;<\/p>\n<figure class=\"image-align-center\" style=\"margin:10px 0px 10px 0px\"><img decoding=\"async\" alt=\"\" class=\"image-size-medium\" data-amp-height=\"1200\" data-amp-width=\"1600\" src=\"https:\/\/img.over-blog-kiwi.com\/3\/39\/99\/46\/20200129\/ob_2aea6c_20200129-182610.jpg#width=1600&amp;height=1200\"><\/figure>\n<p><strong><span style=\"font-size:11px;\">Essai de restitution du Ch\u00e2teau de Warthenberg\/Daubenschlagfelsen par N. Mengus<\/span><\/strong><\/p>\n<p>&nbsp;<\/p>\n<p>Lien vers <a href=\"https:\/\/www.chateauxfortsalsace.com\/fr\/chateau\/chateau-warthenberg-daubenschlagfelsen\/\">les Ch\u00e2teaux forts d&rsquo;Alsace<\/a><\/p>\n","protected":false},"excerpt":{"rendered":"<p>Extrait de la revue de la Soci\u00e9t\u00e9 d&rsquo;Histoire et d&rsquo;Arch\u00e9ologie de Saverne et des Environs (SHASE) n\u00b0154bis -1991, auteurs Bernard Haegel et Ren\u00e9 Kill. Parmi les ch\u00e2teaux dont l&rsquo;existence est connue par les textes d&rsquo;archives, mais qui n&rsquo;ont pu \u00eatre localis\u00e9s avec certitude figure Warthenberg, mentionn\u00e9 en 1158 dans un acte de l&rsquo;abbaye de Neuwiller. &hellip; <\/p>\n<p><a class=\"more-link btn\" href=\"https:\/\/montees-du-daubenschlag.fr\/?page_id=16\">Lire la suite<\/a><\/p>\n","protected":false},"author":1,"featured_media":0,"parent":0,"menu_order":0,"comment_status":"closed","ping_status":"closed","template":"","meta":{"ngg_post_thumbnail":0,"footnotes":""},"class_list":["post-16","page","type-page","status-publish","hentry","nodate","item-wrap"],"_links":{"self":[{"href":"https:\/\/montees-du-daubenschlag.fr\/index.php?rest_route=\/wp\/v2\/pages\/16","targetHints":{"allow":["GET"]}}],"collection":[{"href":"https:\/\/montees-du-daubenschlag.fr\/index.php?rest_route=\/wp\/v2\/pages"}],"about":[{"href":"https:\/\/montees-du-daubenschlag.fr\/index.php?rest_route=\/wp\/v2\/types\/page"}],"author":[{"embeddable":true,"href":"https:\/\/montees-du-daubenschlag.fr\/index.php?rest_route=\/wp\/v2\/users\/1"}],"replies":[{"embeddable":true,"href":"https:\/\/montees-du-daubenschlag.fr\/index.php?rest_route=%2Fwp%2Fv2%2Fcomments&post=16"}],"version-history":[{"count":1,"href":"https:\/\/montees-du-daubenschlag.fr\/index.php?rest_route=\/wp\/v2\/pages\/16\/revisions"}],"predecessor-version":[{"id":17,"href":"https:\/\/montees-du-daubenschlag.fr\/index.php?rest_route=\/wp\/v2\/pages\/16\/revisions\/17"}],"wp:attachment":[{"href":"https:\/\/montees-du-daubenschlag.fr\/index.php?rest_route=%2Fwp%2Fv2%2Fmedia&parent=16"}],"curies":[{"name":"wp","href":"https:\/\/api.w.org\/{rel}","templated":true}]}}

<p><span style="font-size:11px;"><strong>Extrait de la revue de la Société d&rsquo;Histoire et d&rsquo;Archéologie de Saverne et des Environs (SHASE) n°154bis -1991, auteurs Bernard Haegel et René Kill.</strong></span></p>
<p>Parmi les châteaux dont l&rsquo;existence est connue par les textes d&rsquo;archives, mais qui n&rsquo;ont pu être localisés avec certitude figure Warthenberg, mentionné en 1158 dans un acte de l&rsquo;abbaye de Neuwiller.</p>
<p>L&rsquo;analyse de cette charte et des indications topographiques qu&rsquo;elle contient montre que le château qui s&rsquo;élevait sur le Daubenschlagfelsen était très vraisemblablement le Warthenberg.</p>
<p>Son possesseur, Hugues de Dabo, devenu comte de Metz en 1152 ou 1154, apparaît comme avoué de l&rsquo;abbaye de Nauwiller en 1157. Il est donc probable que Warthnberg ait été érigé à cette époque pour assurer le contrôle de l&rsquo;abbaye et de ses possessions.</p>
<p>La localisation du Warthenberg sur le Daubenschlagfelsen est confortée par l&rsquo;analyse architecturale et l&rsquo;étude du mobilier recueilli qui ont permis d&rsquo;avancer comme datation le milieu du XIIe siècle.</p>
<p>La durée de vie du château a dû être très brève, impression confirmée à la fois par le fait qu&rsquo;il n&rsquo;a pas fait l&rsquo;objet de mentions plus récentes et sur le plan archéologique par l&rsquo;examen de la stratigraphie qui révèle une durée d&rsquo;occupation très courte.</p>
<p>&nbsp;</p>
<figure class="image-align-center" style="margin:10px 0px 10px 0px"><img decoding="async" alt="" class="image-size-medium" data-amp-height="1200" data-amp-width="1600" src="https://img.over-blog-kiwi.com/3/39/99/46/20200129/ob_2aea6c_20200129-182610.jpg#width=1600&amp;height=1200"></figure>
<p><strong><span style="font-size:11px;">Essai de restitution du Château de Warthenberg/Daubenschlagfelsen par N. Mengus</span></strong></p>
<p>&nbsp;</p>
<p>Lien vers <a href="https://www.chateauxfortsalsace.com/fr/chateau/chateau-warthenberg-daubenschlagfelsen/">les Châteaux forts d&rsquo;Alsace</a></p>

<p>Extrait de la revue de la Société d&rsquo;Histoire et d&rsquo;Archéologie de Saverne et des Environs (SHASE) n°154bis -1991, auteurs Bernard Haegel et René Kill. Parmi les châteaux dont l&rsquo;existence est connue par les textes d&rsquo;archives, mais qui n&rsquo;ont pu être localisés avec certitude figure Warthenberg, mentionné en 1158 dans un acte de l&rsquo;abbaye de Neuwiller. &hellip; </p>
<p><a class="more-link btn" href="https://montees-du-daubenschlag.fr/?page_id=16">Lire la suite</a></p>
